{"id":3174,"date":"2013-12-03T15:25:24","date_gmt":"2013-12-03T15:25:24","guid":{"rendered":"http:\/\/themeforest.unitedthemes.com\/wpversions\/brooklyn\/business\/?page_id=3174"},"modified":"2025-10-17T15:23:34","modified_gmt":"2025-10-17T15:23:34","slug":"some-fun-facts-2","status":"publish","type":"page","link":"http:\/\/jpscontabilidade.pt\/index.php\/equipa\/some-fun-facts-2\/","title":{"rendered":"ALGUNS FACTOS SOBRE N\u00d3S"},"content":{"rendered":"<p>[vc_row][vc_column width=&#8221;1\/4&#8243;][\/vc_column][vc_column width=&#8221;1\/4&#8243;][\/vc_column][vc_column width=&#8221;1\/4&#8243;][\/vc_column][\/vc_row][vc_row el_id=&#8221;sobre&#8221;][vc_column width=&#8221;1\/3&#8243;][vc_column_text]<div class=\"wpb_content_element \"><style type=\"text\/css\" scoped>#ut_scv_69f5b1d590a2f .ut-service-icon .fa.fa-stack-1x { color: #ffffff; }#ut_scv_69f5b1d590a2f .ut-service-icon .fa.fa-stack-2x { color: #f1c40f; }<\/style><div id=\"ut_scv_69f5b1d590a2f\" class=\" ut-one-fourth  ut-vertical-style\" ><figure data-effect=\"fadeIn\" data-animateonce=\"yes\" data-delay=\"200\" class=\"ut-service-icon fa-stack fa-lg ut-animate-element animated ut-no-animation-tablet ut-no-animation-mobile\" style=\"line-height:60px;\"><i class=\"fa fa-circle fa-stack-2x\"><\/i><i class=\"fa fa-stack-1x fa-users\"><\/i><\/figure><div class=\"ut-service-column ut-vertical\"><p> Clientes h\u00e1 mais de 40 anos com crescimento constante e sustentado, completamente integrados no mercado nacional e internacional. <\/p><\/div><\/div><\/div>[\/vc_column_text][vc_column_text]<\/p>\n<p>[\/vc_column_text][\/vc_column][vc_column width=&#8221;1\/3&#8243;][vc_column_text]<div class=\"wpb_content_element \"><style type=\"text\/css\" scoped>#ut_scv_69f5b1d590abd .ut-service-icon .fa.fa-stack-1x { color: #ffffff; }#ut_scv_69f5b1d590abd .ut-service-icon .fa.fa-stack-2x { color: #f1c40f; }<\/style><div id=\"ut_scv_69f5b1d590abd\" class=\" ut-one-fourth  ut-vertical-style\" ><figure data-effect=\"fadeIn\" data-animateonce=\"yes\" data-delay=\"200\" class=\"ut-service-icon fa-stack fa-lg ut-animate-element animated ut-no-animation-tablet ut-no-animation-mobile\" style=\"line-height:60px;\"><i class=\"fa fa-circle fa-stack-2x\"><\/i><i class=\"fa fa-stack-1x fa-line-chart\"><\/i><\/figure><div class=\"ut-service-column ut-vertical\"><p> Forma\u00e7\u00e3o constante da equipa atrav\u00e9s da OCC e da APECA. <\/p><\/div><\/div><\/div>[\/vc_column_text][\/vc_column][vc_column width=&#8221;1\/3&#8243;][vc_column_text]<div class=\"wpb_content_element \"><style type=\"text\/css\" scoped>#ut_scv_69f5b1d590aea .ut-service-icon .fa.fa-stack-1x { color: #ffffff; }#ut_scv_69f5b1d590aea .ut-service-icon .fa.fa-stack-2x { color: #f1c40f; }<\/style><div id=\"ut_scv_69f5b1d590aea\" class=\" ut-one-fourth  ut-vertical-style\" ><figure data-effect=\"fadeIn\" data-animateonce=\"yes\" data-delay=\"200\" class=\"ut-service-icon fa-stack fa-lg ut-animate-element animated ut-no-animation-tablet ut-no-animation-mobile\" style=\"line-height:60px;\"><i class=\"fa fa-circle fa-stack-2x\"><\/i><i class=\"fa fa-stack-1x fa-phone\"><\/i><\/figure><div class=\"ut-service-column ut-vertical\"><p> Assist\u00eancia garantida presencialmente, por telefone ou via eletr\u00f3nica, 5 dias da semana das 09H00 as 13H e das 14H as 18H00. <\/p><\/div><\/div><\/div>[\/vc_column_text][\/vc_column][\/vc_row][vc_row][vc_column]<div class=\"wpb_content_element \"><style type=\"text\/css\" scoped><\/style><header id=\"ut_header_69f5b1d590cc1\" class=\"section-header pt-style-6 header-center\"><h2 class=\"section-title\"><span>TESTEMUNHOS<\/span><\/h2><\/header><\/div>[vc_column_text]\r\n        <script type=\"text\/javascript\">\r\n        \/* <![CDATA[ *\/\r\n        \r\n        (function($){\r\n\r\n            $(document).ready(function(){\r\n                                \r\n                $(\"#quoteSlider_utquote_69f5b1d590cf9\").flexslider({\r\n                    useCSS: false,  \r\n                    animation: \"slide\",\r\n                    \r\n                    randomize: true,\r\n                    directionNav:true,\r\n                    controlNav:false,        \r\n                    smoothHeight: true,\r\n                    animationLoop:true,\r\n                    slideshowSpeed: 9000,\r\n                    prevText: \"\",\r\n                    nextText: \"\"   \r\n                });\r\n        \r\n            });\r\n\r\n        })(jQuery);\r\n        \r\n         \/* ]]> *\/    \r\n        <\/script><div class=\"ut-testimonials ut-one-half \"><div class=\"ut-rotate-quote-alt flexslider\" id=\"quoteSlider_utquote_69f5b1d590cf9\"><ul class=\"slides\"> <li><i class=\"ut-rq-icon fa fa-quote-right\"><\/i><h2 class=\"ut-quote-comment\"> Esta firma tem prestado um servi\u00e7o muito bom, sendo o s\u00f3cio gerente muito eficaz no trabalho que executa assim como todas as colaboradoras, sendo muito competentes, prest\u00e1veis e simp\u00e1ticas. <\/h2><span class=\"ut-quote-name\">Victor Reis - Serralharia Mec\u00e2nica<\/span><\/li> <li><i class=\"ut-rq-icon fa fa-quote-right\"><\/i><h2 class=\"ut-quote-comment\"> Trabalhamos h\u00e1 cerca de 7 anos e sinto-me satisfeito. A disponibilidade, simpatia e o profissionalismo s\u00e3o os fortes da empresa. Embora n\u00e3o nos encontremos geograficamente perto, mantemos contacto telef\u00f3nico e atrav\u00e9s de email, desta forma sentimos o apoio na \u00e1rea da contabilidade. <\/h2><span class=\"ut-quote-name\">Ricardo Castelo - Inform\u00e1tica<\/span><\/li> <li><i class=\"ut-rq-icon fa fa-quote-right\"><\/i><h2 class=\"ut-quote-comment\"> \u00c9 uma empresa respons\u00e1vel, e os seu colaboradores prestam um bom servi\u00e7o e s\u00e3o muito respons\u00e1veis. <\/h2><span class=\"ut-quote-name\">Jos\u00e9 Miguel Teixeira do Rego - Instala\u00e7\u00f5es El\u00e9ctricas<\/span><\/li> <li><i class=\"ut-rq-icon fa fa-quote-right\"><\/i><h2 class=\"ut-quote-comment\"> Os servi\u00e7os prestados por essa empresa, s\u00e3o excelentes, nada a apontar; Os pedidos de esclarecimento, aquando de existir d\u00favidas, nada a apontar; A prontid\u00e3o de resolver alguma falha provocada por mim, tem sido eficaz; Os honor\u00e1rios,\u00a0 e feitas as contas ao fim do ano, acho que ser\u00e1 um pouco para o caro. Mas concordo que para se prestar um bom servi\u00e7o ter\u00e1 que ser bem remunerado.\u00a0 <\/h2><span class=\"ut-quote-name\">Am\u00edlcar Batista - Restaura\u00e7\u00e3o<\/span><\/li> <li><i class=\"ut-rq-icon fa fa-quote-right\"><\/i><h2 class=\"ut-quote-comment\"> Obrigada pelo vosso apoio e profissionalismo. <\/h2><span class=\"ut-quote-name\">Anabela Vieira - Escola de artes e movimento<\/span><\/li> <li><i class=\"ut-rq-icon fa fa-quote-right\"><\/i><h2 class=\"ut-quote-comment\"> 1\u00ba Muito necess\u00e1rio. 2\u00ba Uma equipa Extremamente profissional. 3\u00ba Muito excelente com repostas bem esclarecedoras. 4\u00ba No computo geral satisfeito. 5\u00ba Recomendo a todos os meus amigos. <\/h2><span class=\"ut-quote-name\">Jos\u00e9 Rodrigues - Restaura\u00e7\u00e3o<\/span><\/li> <li><i class=\"ut-rq-icon fa fa-quote-right\"><\/i><h2 class=\"ut-quote-comment\"> O gabinete est\u00e1 sempre dispon\u00edvel para me ajudar esclarecendo todas as d\u00favidas nas v\u00e1rias vertentes que envolvem a gest\u00e3o da empresa. Obrigado <\/h2><span class=\"ut-quote-name\">Lu\u00eds Rodrigues Garcia - Farm\u00e1cia<\/span><\/li> <li><i class=\"ut-rq-icon fa fa-quote-right\"><\/i><h2 class=\"ut-quote-comment\"> \u00c9 com grande satisfa\u00e7\u00e3o que a administra\u00e7\u00e3o da Padaria Central, agradece e parabeniza a equipa da JPS, pela excel\u00eancia e rigor no seu trabalho, agindo sempre com profissionalismo, dedica\u00e7\u00e3o e compet\u00eancia no trabalho executado, dando apoio \u00e0 nossa gest\u00e3o desde 1982 para com a ger\u00eancia desta empresa, e para com a Padaria Central desde 1990. Desejamos que continuem a dar continuidade ao bom trabalho desempenhado, e a elevar com isso o nome da empresa JPS, expressando desde j\u00e1 os nossos votos de sucesso. <\/h2><span class=\"ut-quote-name\">Rui Gomes - Panifica\u00e7\u00e3o e Pastelaria<\/span><\/li> <\/ul><\/div><\/div>[\/vc_column_text][vc_empty_space][\/vc_column][\/vc_row][vc_row][vc_column width=&#8221;1\/3&#8243;][vc_single_image image=&#8221;3534&#8243; img_size=&#8221;&#8221; alignment=&#8221;center&#8221; css_animation=&#8221;left-to-right&#8221;][\/vc_column][vc_column width=&#8221;1\/3&#8243;][vc_column_text]<\/p>\n<h3 style=\"text-align: center;\">Somos socialmente respons\u00e1veis.<br \/>\nApoiamos a Associa\u00e7\u00e3o Meninos de Oiro.<\/h3>\n<p>[\/vc_column_text][\/vc_column][vc_column width=&#8221;1\/3&#8243;][vc_single_image image=&#8221;3535&#8243; img_size=&#8221;&#8221; alignment=&#8221;center&#8221; css_animation=&#8221;right-to-left&#8221;][\/vc_column][\/vc_row][vc_row][vc_column][vc_empty_space][\/vc_column][\/vc_row][vc_row][vc_column][\/vc_column][\/vc_row]<\/p>\n","protected":false},"excerpt":{"rendered":"<p>[vc_row][vc_column width=&#8221;1\/4&#8243;][\/vc_column][vc_column width=&#8221;1\/4&#8243;][\/vc_column][vc_column width=&#8221;1\/4&#8243;][\/vc_column][\/vc_row][vc_row el_id=&#8221;sobre&#8221;][vc_column width=&#8221;1\/3&#8243;][vc_column_text][\/vc_column_text][vc_column_text] [\/vc_column_text][\/vc_column][vc_column width=&#8221;1\/3&#8243;][vc_column_text][\/vc_column_text][\/vc_column][vc_column width=&#8221;1\/3&#8243;][vc_column_text][\/vc_column_text][\/vc_column][\/vc_row][vc_row][vc_column][vc_column_text][\/vc_column_text][vc_empty_space][\/vc_column][\/vc_row][vc_row][vc_column width=&#8221;1\/3&#8243;][vc_single_image image=&#8221;3534&#8243; img_size=&#8221;&#8221; alignment=&#8221;center&#8221; css_animation=&#8221;left-to-right&#8221;][\/vc_column][vc_column width=&#8221;1\/3&#8243;][vc_column_text] Somos socialmente respons\u00e1veis. Apoiamos a Associa\u00e7\u00e3o Meninos de Oiro. [\/vc_column_text][\/vc_column][vc_column width=&#8221;1\/3&#8243;][vc_single_image image=&#8221;3535&#8243; img_size=&#8221;&#8221; alignment=&#8221;center&#8221; css_animation=&#8221;right-to-left&#8221;][\/vc_column][\/vc_row][vc_row][vc_column][vc_empty_space][\/vc_column][\/vc_row][vc_row][vc_column][\/vc_column][\/vc_row]<\/p>\n","protected":false},"author":1,"featured_media":0,"parent":1893,"menu_order":0,"comment_status":"closed","ping_status":"open","template":"","meta":{"footnotes":""},"class_list":["post-3174","page","type-page","status-publish","hentry"],"_links":{"self":[{"href":"http:\/\/jpscontabilidade.pt\/index.php\/wp-json\/wp\/v2\/pages\/3174","targetHints":{"allow":["GET"]}}],"collection":[{"href":"http:\/\/jpscontabilidade.pt\/index.php\/wp-json\/wp\/v2\/pages"}],"about":[{"href":"http:\/\/jpscontabilidade.pt\/index.php\/wp-json\/wp\/v2\/types\/page"}],"author":[{"embeddable":true,"href":"http:\/\/jpscontabilidade.pt\/index.php\/wp-json\/wp\/v2\/users\/1"}],"replies":[{"embeddable":true,"href":"http:\/\/jpscontabilidade.pt\/index.php\/wp-json\/wp\/v2\/comments?post=3174"}],"version-history":[{"count":47,"href":"http:\/\/jpscontabilidade.pt\/index.php\/wp-json\/wp\/v2\/pages\/3174\/revisions"}],"predecessor-version":[{"id":3851,"href":"http:\/\/jpscontabilidade.pt\/index.php\/wp-json\/wp\/v2\/pages\/3174\/revisions\/3851"}],"up":[{"embeddable":true,"href":"http:\/\/jpscontabilidade.pt\/index.php\/wp-json\/wp\/v2\/pages\/1893"}],"wp:attachment":[{"href":"http:\/\/jpscontabilidade.pt\/index.php\/wp-json\/wp\/v2\/media?parent=3174"}],"curies":[{"name":"wp","href":"https:\/\/api.w.org\/{rel}","templated":true}]}}

ALGUNS FACTOS SOBRE NÓS

<p>[vc_row][vc_column width=&#8221;1/4&#8243;][/vc_column][vc_column width=&#8221;1/4&#8243;][/vc_column][vc_column width=&#8221;1/4&#8243;][/vc_column][/vc_row][vc_row el_id=&#8221;sobre&#8221;][vc_column width=&#8221;1/3&#8243;][vc_column_text]<div class="wpb_content_element "><style type="text/css" scoped>#ut_scv_69f5b1d590a2f .ut-service-icon .fa.fa-stack-1x { color: #ffffff; }#ut_scv_69f5b1d590a2f .ut-service-icon .fa.fa-stack-2x { color: #f1c40f; }</style><div id="ut_scv_69f5b1d590a2f" class=" ut-one-fourth  ut-vertical-style" ><figure data-effect="fadeIn" data-animateonce="yes" data-delay="200" class="ut-service-icon fa-stack fa-lg ut-animate-element animated ut-no-animation-tablet ut-no-animation-mobile" style="line-height:60px;"><i class="fa fa-circle fa-stack-2x"></i><i class="fa fa-stack-1x fa-users"></i></figure><div class="ut-service-column ut-vertical"><p> Clientes há mais de 40 anos com crescimento constante e sustentado, completamente integrados no mercado nacional e internacional. </p></div></div></div>[/vc_column_text][vc_column_text]</p>
<p>[/vc_column_text][/vc_column][vc_column width=&#8221;1/3&#8243;][vc_column_text]<div class="wpb_content_element "><style type="text/css" scoped>#ut_scv_69f5b1d590abd .ut-service-icon .fa.fa-stack-1x { color: #ffffff; }#ut_scv_69f5b1d590abd .ut-service-icon .fa.fa-stack-2x { color: #f1c40f; }</style><div id="ut_scv_69f5b1d590abd" class=" ut-one-fourth  ut-vertical-style" ><figure data-effect="fadeIn" data-animateonce="yes" data-delay="200" class="ut-service-icon fa-stack fa-lg ut-animate-element animated ut-no-animation-tablet ut-no-animation-mobile" style="line-height:60px;"><i class="fa fa-circle fa-stack-2x"></i><i class="fa fa-stack-1x fa-line-chart"></i></figure><div class="ut-service-column ut-vertical"><p> Formação constante da equipa através da OCC e da APECA. </p></div></div></div>[/vc_column_text][/vc_column][vc_column width=&#8221;1/3&#8243;][vc_column_text]<div class="wpb_content_element "><style type="text/css" scoped>#ut_scv_69f5b1d590aea .ut-service-icon .fa.fa-stack-1x { color: #ffffff; }#ut_scv_69f5b1d590aea .ut-service-icon .fa.fa-stack-2x { color: #f1c40f; }</style><div id="ut_scv_69f5b1d590aea" class=" ut-one-fourth  ut-vertical-style" ><figure data-effect="fadeIn" data-animateonce="yes" data-delay="200" class="ut-service-icon fa-stack fa-lg ut-animate-element animated ut-no-animation-tablet ut-no-animation-mobile" style="line-height:60px;"><i class="fa fa-circle fa-stack-2x"></i><i class="fa fa-stack-1x fa-phone"></i></figure><div class="ut-service-column ut-vertical"><p> Assistência garantida presencialmente, por telefone ou via eletrónica, 5 dias da semana das 09H00 as 13H e das 14H as 18H00. </p></div></div></div>[/vc_column_text][/vc_column][/vc_row][vc_row][vc_column]<div class="wpb_content_element "><style type="text/css" scoped></style><header id="ut_header_69f5b1d590cc1" class="section-header pt-style-6 header-center"><h2 class="section-title"><span>TESTEMUNHOS</span></h2></header></div>[vc_column_text]
        <script type="text/javascript">
        /* <![CDATA[ */
        
        (function($){

            $(document).ready(function(){
                                
                $("#quoteSlider_utquote_69f5b1d590cf9").flexslider({
                    useCSS: false,  
                    animation: "slide",
                    
                    randomize: true,
                    directionNav:true,
                    controlNav:false,        
                    smoothHeight: true,
                    animationLoop:true,
                    slideshowSpeed: 9000,
                    prevText: "",
                    nextText: ""   
                });
        
            });

        })(jQuery);
        
         /* ]]> */    
        </script><div class="ut-testimonials ut-one-half "><div class="ut-rotate-quote-alt flexslider" id="quoteSlider_utquote_69f5b1d590cf9"><ul class="slides"> <li><i class="ut-rq-icon fa fa-quote-right"></i><h2 class="ut-quote-comment"> Esta firma tem prestado um serviço muito bom, sendo o sócio gerente muito eficaz no trabalho que executa assim como todas as colaboradoras, sendo muito competentes, prestáveis e simpáticas. </h2><span class="ut-quote-name">Victor Reis - Serralharia Mecânica</span></li> <li><i class="ut-rq-icon fa fa-quote-right"></i><h2 class="ut-quote-comment"> Trabalhamos há cerca de 7 anos e sinto-me satisfeito. A disponibilidade, simpatia e o profissionalismo são os fortes da empresa. Embora não nos encontremos geograficamente perto, mantemos contacto telefónico e através de email, desta forma sentimos o apoio na área da contabilidade. </h2><span class="ut-quote-name">Ricardo Castelo - Informática</span></li> <li><i class="ut-rq-icon fa fa-quote-right"></i><h2 class="ut-quote-comment"> É uma empresa responsável, e os seu colaboradores prestam um bom serviço e são muito responsáveis. </h2><span class="ut-quote-name">José Miguel Teixeira do Rego - Instalações Eléctricas</span></li> <li><i class="ut-rq-icon fa fa-quote-right"></i><h2 class="ut-quote-comment"> Os serviços prestados por essa empresa, são excelentes, nada a apontar; Os pedidos de esclarecimento, aquando de existir dúvidas, nada a apontar; A prontidão de resolver alguma falha provocada por mim, tem sido eficaz; Os honorários,  e feitas as contas ao fim do ano, acho que será um pouco para o caro. Mas concordo que para se prestar um bom serviço terá que ser bem remunerado.  </h2><span class="ut-quote-name">Amílcar Batista - Restauração</span></li> <li><i class="ut-rq-icon fa fa-quote-right"></i><h2 class="ut-quote-comment"> Obrigada pelo vosso apoio e profissionalismo. </h2><span class="ut-quote-name">Anabela Vieira - Escola de artes e movimento</span></li> <li><i class="ut-rq-icon fa fa-quote-right"></i><h2 class="ut-quote-comment"> 1º Muito necessário. 2º Uma equipa Extremamente profissional. 3º Muito excelente com repostas bem esclarecedoras. 4º No computo geral satisfeito. 5º Recomendo a todos os meus amigos. </h2><span class="ut-quote-name">José Rodrigues - Restauração</span></li> <li><i class="ut-rq-icon fa fa-quote-right"></i><h2 class="ut-quote-comment"> O gabinete está sempre disponível para me ajudar esclarecendo todas as dúvidas nas várias vertentes que envolvem a gestão da empresa. Obrigado </h2><span class="ut-quote-name">Luís Rodrigues Garcia - Farmácia</span></li> <li><i class="ut-rq-icon fa fa-quote-right"></i><h2 class="ut-quote-comment"> É com grande satisfação que a administração da Padaria Central, agradece e parabeniza a equipa da JPS, pela excelência e rigor no seu trabalho, agindo sempre com profissionalismo, dedicação e competência no trabalho executado, dando apoio à nossa gestão desde 1982 para com a gerência desta empresa, e para com a Padaria Central desde 1990. Desejamos que continuem a dar continuidade ao bom trabalho desempenhado, e a elevar com isso o nome da empresa JPS, expressando desde já os nossos votos de sucesso. </h2><span class="ut-quote-name">Rui Gomes - Panificação e Pastelaria</span></li> </ul></div></div>[/vc_column_text][vc_empty_space][/vc_column][/vc_row][vc_row][vc_column width=&#8221;1/3&#8243;][vc_single_image image=&#8221;3534&#8243; img_size=&#8221;&#8221; alignment=&#8221;center&#8221; css_animation=&#8221;left-to-right&#8221;][/vc_column][vc_column width=&#8221;1/3&#8243;][vc_column_text]</p>
<h3 style="text-align: center;">Somos socialmente responsáveis.<br />
Apoiamos a Associação Meninos de Oiro.</h3>
<p>[/vc_column_text][/vc_column][vc_column width=&#8221;1/3&#8243;][vc_single_image image=&#8221;3535&#8243; img_size=&#8221;&#8221; alignment=&#8221;center&#8221; css_animation=&#8221;right-to-left&#8221;][/vc_column][/vc_row][vc_row][vc_column][vc_empty_space][/vc_column][/vc_row][vc_row][vc_column][/vc_column][/vc_row]</p>

<p>[vc_row][vc_column width=&#8221;1/4&#8243;][/vc_column][vc_column width=&#8221;1/4&#8243;][/vc_column][vc_column width=&#8221;1/4&#8243;][/vc_column][/vc_row][vc_row el_id=&#8221;sobre&#8221;][vc_column width=&#8221;1/3&#8243;][vc_column_text][/vc_column_text][vc_column_text] [/vc_column_text][/vc_column][vc_column width=&#8221;1/3&#8243;][vc_column_text][/vc_column_text][/vc_column][vc_column width=&#8221;1/3&#8243;][vc_column_text][/vc_column_text][/vc_column][/vc_row][vc_row][vc_column][vc_column_text][/vc_column_text][vc_empty_space][/vc_column][/vc_row][vc_row][vc_column width=&#8221;1/3&#8243;][vc_single_image image=&#8221;3534&#8243; img_size=&#8221;&#8221; alignment=&#8221;center&#8221; css_animation=&#8221;left-to-right&#8221;][/vc_column][vc_column width=&#8221;1/3&#8243;][vc_column_text] Somos socialmente responsáveis. Apoiamos a Associação Meninos de Oiro. [/vc_column_text][/vc_column][vc_column width=&#8221;1/3&#8243;][vc_single_image image=&#8221;3535&#8243; img_size=&#8221;&#8221; alignment=&#8221;center&#8221; css_animation=&#8221;right-to-left&#8221;][/vc_column][/vc_row][vc_row][vc_column][vc_empty_space][/vc_column][/vc_row][vc_row][vc_column][/vc_column][/vc_row]</p>
