{"id":2890,"date":"2013-11-20T01:44:23","date_gmt":"2013-11-20T01:44:23","guid":{"rendered":"http:\/\/themeforest.unitedthemes.com\/wpversions\/brooklyn\/business\/?page_id=2890"},"modified":"2025-10-17T16:21:25","modified_gmt":"2025-10-17T16:21:25","slug":"areas","status":"publish","type":"page","link":"http:\/\/jpscontabilidade.pt\/index.php\/quem-somos\/areas\/","title":{"rendered":"Algumas \u00e1reas de actua\u00e7\u00e3o"},"content":{"rendered":"<div  class=\"ut-one-half  \">\n<div style=\"text-align:center; margin-bottom:20px; \"><img decoding=\"async\" alt=\"\"   class=\"ut-animate-image animated \" data-animateonce=\"no\" data-effecttype=\"image\" data-effect=\"slideInLeft\" src=\"http:\/\/jpscontabilidade.pt\/wp-content\/uploads\/2017\/03\/pad_pro1.png\" \/><\/div>\n<\/div>\n<div  class=\"ut-one-half ut-column-last  \">\n<div class=\"wpb_content_element \"><style type=\"text\/css\" scoped><\/style><div id=\"ut_pb_69e160a5166a0\" class=\"ut-skill \"><h3 class=\"ut-skill-name\">Farm\u00e1cias e cl\u00ednicas m\u00e9dicas<\/h3><div class=\"ut-skill-bar\"><div class=\"ut-skill-overlay ut-skill-active\" data-animateonce=\"no\" data-effecttype=\"skillbar\" data-width=\"23\"><span class=\"ut-skill-percent\">23%<\/span><\/div><\/div><\/div><\/div>\n<div class=\"wpb_content_element \"><style type=\"text\/css\" scoped><\/style><div id=\"ut_pb_69e160a51672d\" class=\"ut-skill \"><h3 class=\"ut-skill-name\">Centros de sa\u00fade e de bem estar<\/h3><div class=\"ut-skill-bar\"><div class=\"ut-skill-overlay ut-skill-active\" data-animateonce=\"no\" data-effecttype=\"skillbar\" data-width=\"9\"><span class=\"ut-skill-percent\">9%<\/span><\/div><\/div><\/div><\/div>\n<div class=\"wpb_content_element \"><style type=\"text\/css\" scoped><\/style><div id=\"ut_pb_69e160a516747\" class=\"ut-skill \"><h3 class=\"ut-skill-name\">Sector autom\u00f3vel<\/h3><div class=\"ut-skill-bar\"><div class=\"ut-skill-overlay ut-skill-active\" data-animateonce=\"no\" data-effecttype=\"skillbar\" data-width=\"21\"><span class=\"ut-skill-percent\">21%<\/span><\/div><\/div><\/div><\/div>\n<div class=\"wpb_content_element \"><style type=\"text\/css\" scoped><\/style><div id=\"ut_pb_69e160a516758\" class=\"ut-skill \"><h3 class=\"ut-skill-name\">Restaura\u00e7\u00e3o<\/h3><div class=\"ut-skill-bar\"><div class=\"ut-skill-overlay ut-skill-active\" data-animateonce=\"no\" data-effecttype=\"skillbar\" data-width=\"11\"><span class=\"ut-skill-percent\">11%<\/span><\/div><\/div><\/div><\/div>\n<div class=\"wpb_content_element \"><style type=\"text\/css\" scoped><\/style><div id=\"ut_pb_69e160a516769\" class=\"ut-skill \"><h3 class=\"ut-skill-name\">Inform\u00e1tica<\/h3><div class=\"ut-skill-bar\"><div class=\"ut-skill-overlay ut-skill-active\" data-animateonce=\"no\" data-effecttype=\"skillbar\" data-width=\"8\"><span class=\"ut-skill-percent\">8%<\/span><\/div><\/div><\/div><\/div>\n<div class=\"wpb_content_element \"><style type=\"text\/css\" scoped><\/style><div id=\"ut_pb_69e160a516778\" class=\"ut-skill \"><h3 class=\"ut-skill-name\">Imobili\u00e1rio<\/h3><div class=\"ut-skill-bar\"><div class=\"ut-skill-overlay ut-skill-active\" data-animateonce=\"no\" data-effecttype=\"skillbar\" data-width=\"5\"><span class=\"ut-skill-percent\">5%<\/span><\/div><\/div><\/div><\/div>\n<div class=\"wpb_content_element \"><style type=\"text\/css\" scoped><\/style><div id=\"ut_pb_69e160a516791\" class=\"ut-skill \"><h3 class=\"ut-skill-name\">Com\u00e9rcio e servi\u00e7os gerais<\/h3><div class=\"ut-skill-bar\"><div class=\"ut-skill-overlay ut-skill-active\" data-animateonce=\"no\" data-effecttype=\"skillbar\" data-width=\"23\"><span class=\"ut-skill-percent\">23%<\/span><\/div><\/div><\/div><\/div>\n<\/div><div class=\"clear\"><\/div>\n","protected":false},"excerpt":{"rendered":"Farm\u00e1cias e cl\u00ednicas m\u00e9dicas23% Centros de sa\u00fade e de bem estar9% Sector autom\u00f3vel21% Restaura\u00e7\u00e3o11% Inform\u00e1tica8% Imobili\u00e1rio5% Com\u00e9rcio e servi\u00e7os gerais23%","protected":false},"author":1,"featured_media":0,"parent":1777,"menu_order":0,"comment_status":"closed","ping_status":"closed","template":"","meta":{"footnotes":""},"class_list":["post-2890","page","type-page","status-publish","hentry"],"_links":{"self":[{"href":"http:\/\/jpscontabilidade.pt\/index.php\/wp-json\/wp\/v2\/pages\/2890","targetHints":{"allow":["GET"]}}],"collection":[{"href":"http:\/\/jpscontabilidade.pt\/index.php\/wp-json\/wp\/v2\/pages"}],"about":[{"href":"http:\/\/jpscontabilidade.pt\/index.php\/wp-json\/wp\/v2\/types\/page"}],"author":[{"embeddable":true,"href":"http:\/\/jpscontabilidade.pt\/index.php\/wp-json\/wp\/v2\/users\/1"}],"replies":[{"embeddable":true,"href":"http:\/\/jpscontabilidade.pt\/index.php\/wp-json\/wp\/v2\/comments?post=2890"}],"version-history":[{"count":8,"href":"http:\/\/jpscontabilidade.pt\/index.php\/wp-json\/wp\/v2\/pages\/2890\/revisions"}],"predecessor-version":[{"id":3610,"href":"http:\/\/jpscontabilidade.pt\/index.php\/wp-json\/wp\/v2\/pages\/2890\/revisions\/3610"}],"up":[{"embeddable":true,"href":"http:\/\/jpscontabilidade.pt\/index.php\/wp-json\/wp\/v2\/pages\/1777"}],"wp:attachment":[{"href":"http:\/\/jpscontabilidade.pt\/index.php\/wp-json\/wp\/v2\/media?parent=2890"}],"curies":[{"name":"wp","href":"https:\/\/api.w.org\/{rel}","templated":true}]}}